ose 0 = 2*d + 4*v + 4, 5*v - 3 = 12. Let u = d - g. Is u composite?
False
Suppose 0 = 47*c - 15*c - 4286880. Let r = -75022 + c. Is r prime?
True
Suppose -18 = -2*f + k, -4*f - f + 45 = 5*k. Suppose -f*z + 2 = -25. Suppose -z*h - 422 = -2219. Is h a composite number?
False
Let g = -55 + 58. Suppose 3*v - 3 = g. Suppose h = -v*t + 2103 + 2306, -t - h = -2206. Is t prime?
True
Let n(z) = -5859*z + 625. Is n(-6) prime?
False
Let q(w) = -5*w**3 + 4*w**2 - 24*w - 10. Suppose 0 = 2*r + 2*r + 44. Is q(r) a prime number?
True
Let i = 28 + -28. Suppose i = 8*g - 35 + 3. Suppose -g*o + 169 + 1003 = 0. Is o prime?
True
Suppose -33 = 3*y - 2*s, 0*s - 36 = 5*y + 3*s. Let b(n) = -n**2 - 10*n - 13. Let w be b(y). Is (w/12)/((-2)/66)*211 composite?
True
Let h be (-17 - -5)/4 + 358. Let k = h - 88. Let m = k - -1214. Is m a composite number?
False
Let u = -351 + 494. Let y(k) = -142*k + 15*k**2 - u*k + 24 - k**3 + 288*k. Is y(11) a composite number?
False
Let b(v) = -v**3 - 4*v**2 - 5*v - 6. Let i be b(-3). Let s(q) = -2*q + 2. Let w be s(i). Suppose -180 = w*u - 4*u - 2*n, 4*u - n = 385. Is u prime?
False
Is (3549371/(-532))/((-2)/8) composite?
False
Is (213 + -1)*(5 + (-10164)/(-112)) prime?
False
Let c = 14684 - 5525. Let n be c/3 + 2 + 4/2. Let w = n - 1970. Is w a composite number?
False
Suppose j - 30 = 5*w, 5*w - 30 = -j - 2*j. Let d(z) = 748*z + 359. Is d(j) a prime number?
True
Let m = -54 + 74. Suppose m = 6*s - s. Suppose s*v + 64 - 200 = 0. Is v a composite number?
True
Suppose 45*t - 24 = 42*t. Let d(u) = u**3 - 6*u**2 - 15*u + 8. Let i be d(t). Is (-2056)/i*(-1 - 1) composite?
False
Suppose -4*z + 262 = -1346. Let s be (z/5)/((-6)/(-20)). Let y = 413 - s. Is y prime?
False
Suppose -8 = -5*r + 2137. Is 3/(-24)*4 + r/6 prime?
True
Suppose 3*b - 19795 = 3*l - 96118, 50880 = 2*l - b. Is l a composite number?
False
Suppose 4*t + 20 = 16. Let r(x) = -4199*x + 2. Is r(t) a composite number?
False
Suppose n = 3 - 6. Let d be (1/n)/((-2)/54). Let q(w) = w**3 - 10*w**2 + 11*w + 20. Is q(d) a composite number?
True
Is (0 + 2)/((-28096288)/(-2809628) + (16 - 26)) composite?
False
Suppose 9*w + 14524 = 166111. Is w a prime number?
True
Let i = 9415 - 6704. Suppose 0 = -10*v + i + 55859. Is v prime?
True
Let p = 561371 + -109092. Is p prime?
True
Let t = -11256 + 34535. Is t composite?
False
Let b be (2 - 2) + (-267)/(-3). Is 4 - (b/(-2))/((-6)/(-132)) a prime number?
True
Suppose -z + t + 0*t = 19037, -2*z - 2*t = 38054. Let h = 39739 + z. Is h a composite number?
False
Let f = -32431 + 73954. Is f composite?
True
Let j(z) = z**2 + 7*z + 5. Let b be j(-7). Suppose w - 457 = 192. Suppose -w = -b*f - 14. Is f prime?
True
Let n(j) be the third derivative of -31*j**4/8 - 25*j**3/6 + 20*j**2. Let p be n(20). Let r = p + 4314. Is r a composite number?
True
Let u be (3/(-12))/(4/16). Suppose 0 = -4*x + 11 - 23. Is (0 + x)*-1 - (-272 - u) a composite number?
True
Let b(n) = -2*n + 15. Let x be b(10). Let i(l) = 7*l**3 - 3*l**2 - 9*l - 11. Let w(d) = 14*d**3 - 7*d**2 - 17*d - 23. Let m(c) = x*i(c) + 3*w(c). Is m(7) prime?
False
Let w(j) = 2*j**3 + j**2 - 77*j - 74*j + 307*j - 78*j + 32 - 76*j. Suppose b = -4*b + 35. Is w(b) a composite number?
True
Suppose 3*z = -f - 11677 - 16613, 4*f = z + 9443. Let b = 18330 + z. Is b composite?
True
Let q(d) = -10*d**2 - 61*d - 3. Let i be q(-6). Let s be 16*(15/(-6))/(-5). Suppose -s = h - i, -5*h = -2*l + 671. Is l composite?
True
Let m(j) = -j**3 + 4*j**2 + 5*j + 5. Suppose -5*q - 6 = -2*o + 10, 3*q + 12 = 2*o. Suppose -4*n = -o*g + 12, -g + 3 = n + 13. Is m(n) a composite number?
True
Suppose 0 = -j + 3*z + 88209 + 52229, -5*j = 5*z - 702210. Is j prime?
False
Suppose 118 = -2*d + 902. Suppose -d*g - 25107 = -395*g. Is g a prime number?
True
Let b(j) = -j**2 + 80*j + 165309. Is b(0) composite?
True
Let n(c) = -255*c + 22. Let z(u) = 2*u. Let s(g) = -n(g) + 6*z(g). Is s(7) a prime number?
True
Suppose 0 = 137*z - 181*z + 10937476. Is z composite?
False
Let i be (-68)/(-32) - 1/8. Suppose 0 = 3*m + 4*p - 10 - 2, -i*p = m - 4. Suppose -3*y - 5*f + 682 + 1596 = 0, m*y = 2*f + 2994. Is y prime?
True
Let o(n) = 16069*n + 3894. Is o(13) a prime number?
True
Suppose -y + 1874575 = 3*i + 689044, 2*i - 790340 = -3*y. Is i prime?
False
Suppose 5*n + 7 = -4*o - 10, 3*n + o + 6 = 0. Let y(z) = 19736*z**2 - 1. Is y(n) a prime number?
False
Let s(r) = 81*r**3 - 12*r**2 + 29*r - 421. Is s(10) a composite number?
False
Suppose -4*n + 23*d - 25*d + 3954048 = 0, -3*d = -4*n + 3954038. Is n prime?
True
Suppose -3935 + 25073 = -3*w. Let y = 2666 + w. Let k = -2627 - y. Is k a prime number?
True
Is (0 + 125449)/(-1 + 10/5) composite?
True
Is ((-313839)/3)/(54/(-126)) a prime number?
False
Suppose -5*h - g = -2201009, 0 = -3*h - g + 1057241 + 263366. Is h prime?
False
Let z = 137 - 133. Suppose 3*i = -3*f + 486, -z*i = -i - 4*f - 451. Is i a prime number?
True
Let n = -273 + 373. Is (10/n*4385)/(2/12) a composite number?
True
Let x(r) be the third derivative of -49*r**6/120 - r**4/6 - r**3/2 - r**2. Suppose 0 = 23*p - 14*p + 18. Is x(p) composite?
False
Let l = -467 + 482. Is 2 - ((-35988)/(-10))/((-6)/l) composite?
False
Is (-3 - 2) + -8 + 50378 + -8 composite?
True
Suppose 3*l - 2*n - 3*n = -15800, 0 = l - n + 5268. Suppose 0*u - 2*u - 5*b = -87, 2*b + 66 = 2*u. Is 8/u - (l/(-18))/(-1) a composite number?
False
Let b = 78118 + -10367. Is b a composite number?
False
Let g(k) = -13*k + 6. Suppose -3*h - 31 = -0*h + 4*b, -2*h - 39 = -b. Let a be g(h). Suppose -q = 1 - 4, 4*w = -5*q + a. Is w a composite number?
False
Suppose -5*r = -2*s + 1291, -r = 3*r + 3*s + 1042. Let c = r + 1128. Is c a prime number?
False
Suppose -3 + 17 = 7*a. Let k be a/(-1*(-2)/4). Suppose 3*i = 12, -6*i - 2544 = -k*n - i. Is n composite?
False
Let c = 30 + -20. Suppose -c*r = -13*r + 6. Suppose i - r*a - 315 = 696, 5048 = 5*i - 3*a. Is i prime?
True
Suppose 4*a = 42 + 30. Let r(s) = 9*s + 4*s**2 + 2*s + 4*s - 17 - 3*s**2 - 9*s. Is r(a) composite?
True
Suppose 15*y = 16*y - 22496. Let s = -11809 + y. Is s composite?
False
Suppose 377*n - 374*n - 2518449 = 5*x, 4197415 = 5*n - 5*x. Is n a prime number?
True
Let l(r) = 46500*r**3 + r**2 + 6*r - 5. Is l(1) a prime number?
False
Let f = 215 + -209. Is (-40)/60 + 35710/f composite?
True
Let z be ((-10)/(-15))/(4/(-6)) + 2. Let u be ((-16)/(-4))/((-3)/(-1) - z). Suppose 0 = -u*a + 2*g + 318, -723 + 230 = -3*a - g. Is a composite?
False
Let u(g) = -9 + 4*g + 1284*g**2 - 1272*g**2 - 34*g. Is u(-22) a prime number?
False
Suppose 56 + 20 = 4*x. Suppose 16*t + 9051 = x*t. Is t a composite number?
True
Is (4 + 0 + (-370)/(-3))/((-94)/(-114069)) composite?
True
Let n = 1110735 + -740474. Is n composite?
False
Let q(b) be the first derivative of 71*b**3/3 + 2*b**2 + 47*b - 235. Is q(-6) composite?
False
Let a be (-32)/64 + 11/2. Suppose -4*g = 2*w + 3*w - 66103, -a*w = -g - 66118. Is w a prime number?
False
Let u = 1035747 + -13580. Is u a prime number?
True
Suppose 4*a - 30 = -a. Suppose 3*u - 5*y - 5404 - 5616 = 0, 0 = 4*u + 3*y - 14674. Suppose u + 3416 = a*x. Is x a prime number?
True
Let s(u) = -3*u**2 + 28*u + 11. Let i be s(9). Let b be 30 - (1 - i/5). Suppose 0 = -3*c + 6*c - b. Is c a prime number?
True
Is ((-72)/16 + 6)/(9/(-920382)*-1) a prime number?
False
Let g(c) = 408*c**3 + 20*c**2 - 140*c + 71. Is g(6) prime?
True
Let g = -153777 + 609554. Is g a composite number?
True
Let b(c) = -c**2. Let v(o) = 35*o**3 - o**2 + 4*o + 2. Let w(k) = 4*b(k) - v(k). Let x be w(-1). Suppose -x*h = -36*h + 1742. Is h composite?
True
Let g(u) = u**2 + 3*u - 6. Let k be g(-5). Suppose k*r - 362 = -98. Suppose r = c - 103. Is c a composite number?
True
Is 14002086/(-28)*(13/(-6) - 39/(-26)) prime?
True
Is 375605 - ((-36)/(1 + -7) + 6) a prime number?
True
Let z(g) = -8*g + 86. Let n be z(11). Is (2 + 0)/n*-2027 composite?
False
Suppose -4*b = -13*b + 324. Suppose -b*q - 20873 = -37*q. Is q a prime number?
True
Let w be 1/((-3)/4)*-3. Suppose 0 = -w*b + 6*m - 3*m + 4340, -2*m = -b + 1085. Is b - (8 - (-1 - -5)) composite?
True
Let t(f) = 7*f - f**2 + 32 - 19*f - 16. Let k be t(-12). Is 852 - ((-12)/k + (-3)/12) prime?
True
Let a(d) be the third derivative of 16*d**2 + 0 + 137/12*d**4 + 0*d - 5/2*d**3. Is a(8) a prime number?
False
Let f(q) 